 1011221210122212?
-1011221210200001
In base 10, what is 21405 - -94?
21499
In base 2, what is 10 + -10110001011001011000111?
-10110001011001011000101
In base 2, what is -101011111111 - 1110100?
-101101110011
In base 8, what is 25211147 + 10?
25211157
In base 13, what is 1923 + 2322?
3c45
In base 13, what is -8c + -182bc1?
-182c80
In base 9, what is 7 + 4133416?
4133424
In base 15, what is -1c + 196165?
196148
In base 15, what is 239 - 1e2b0?
-1e076
In base 12, what is 2 + 8a7231?
8a7233
In base 2, what is 110101111101010011101101011 - 110?
110101111101010011101100101
In base 10, what is 2 + 14471877?
14471879
In base 5, what is 30041 - 10110020?
-10024424
In base 2, what is -11010000101110100101011001 - -11?
-11010000101110100101010110
In base 15, what is -51 + -266c4?
-26725
In base 8, what is -1547 + -175?
-1744
In base 2, what is 111101111111000 + -101111111111110?
1101111111010
In base 8, what is 102 + -37626?
-37524
In base 4, what is -123 + 1331210021131?
1331210021002
In base 12, what is -3a979 - 641?
-3b3ba
In base 12, what is 3 + 901380?
901383
In base 2, what is -10010010101011111011110101010 + 100?
-10010010101011111011110100110
In base 11, what is 126 - 78a7?
-7781
In base 10, what is -3 - 203877?
-203880
In base 12, what is 13121 - 182b?
114b2
In base 5, what is -132013 + 1114?
-130344
In base 6, what is -45004 + -104123?
-153131
In base 13, what is -cb - -a7643?
a7545
In base 2, what is -100 - 100100001010001001111?
-100100001010001010011
In base 6, what is 144 - 5254325?
-5254141
In base 8, what is -1036757 + -55?
-1037034
In base 15, what is 1e9 + d0c?
1006
In base 3, what is 1 - 2220100120202?
-2220100120201
In base 13, what is -82295 + 2b5?
-81cb0
In base 16, what is 4c2 + -435a8?
-430e6
In base 4, what is 2 - -11132332113?
11132332121
In base 2, what is 1101011000000111 + 1011100010?
1101100011101001
In base 12, what is 2 + 19ba07?
19ba09
In base 16, what is 144c + -19c7?
-57b
In base 13, what is -2c6ab06 - -2?
-2c6ab04
In base 9, what is 10313275 + 6?
10313282
In base 2, what is 1011100010000101 - 101001000011010?
110011001101011
In base 16, what is 5d77 + 5db?
6352
In base 4, what is 223133 + 10310301?
11200100
In base 12, what is 557643 - 1a1?
557462
In base 14, what is -13 + 43d5a18?
43d5a05
In base 13, what is -3a041b6 + 5?
-3a041b1
In base 10, what is 120962 + -1241?
119721
In base 3, what is -100221102 - -1012020?
-22202012
In base 11, what is -30631264 + 5?
-3063125a
In base 3, what is 202 + 2001022002?
2001022211
In base 6, what is 21 - 235035241?
-235035220
In base 4, what is 201020003111033 - -1?
201020003111100
In base 9, what is 17451 + -1367?
16073
In base 5, what is -10 + 1131003103?
1131003043
In base 7, what is 1362 + -1005225?
-1003533
In base 10, what is -1771 - 61368?
-63139
In base 4, what is 100222233 - 1323?
100220310
In base 13, what is -992 + 135c4?
12932
In base 6, what is 2155451152 + 5?
2155451201
In base 2, what is -110110100101101111 + 1000110010?
-110110011100111101
In base 13, what is -10 + -5c358?
-5c368
In base 5, what is 1 + -21024411324?
-21024411323
In base 10, what is 3715 - -36044?
39759
In base 5, what is -3243044024022 + 2?
-3243044024020
In base 11, what is -1886257 - 3?
-188625a
In base 7, what is 65 - 14424331?
-14424233
In base 4, what is -210 + 221211121230?
221211121020
In base 11, what is -1a1 + -a2311?
-a2502
In base 3, what is -20121 - 2101220020012?
-2101220110210
In base 6, what is -24225 + 5100?
-15125
In base 9, what is 1 + 1501084?
1501085
In base 8, what is 77336762 + -41?
77336721
In base 2, what is 1000100001100010011 - -110101?
1000100001101001000
In base 2, what is -101 - 10011000000001101110111?
-10011000000001101111100
In base 6, what is 24434 + -100104?
-31230
In base 16, what is a4cc5487 + -1?
a4cc5486
In base 3, what is -12202002112220211 - 11?
-12202002112220222
In base 10, what is -2 + -51389432?
-51389434
In base 12, what is -121997 - -31?
-121966
In base 4, what is -123232012112 + 2?
-123232012110
In base 3, what is -21221120201220 - -122?
-21221120201021
In base 6, what is 3142353 + -33424?
3104525
In base 8, what is -27003640 + 121?
-27003517
In base 7, what is 4 - 6315500006?
-6315500002
In base 4, what is -2 + 33031200131?
33031200123
In base 3, what is 10221121100220 + -22200?
10221121001020
In base 7, what is -6 + 143243125?
143243116
In base 14, what is 5a231 + -cb?
5a144
In base 11, what is -6747a9 + 42?
-674767
In base 2, what is 111000011110110010010 - 100?
111000011110110001110
In base 9, what is -285 - -156077?
155682
In base 5, what is 10213340 + 32041?
10300431
In base 14, what is -b54d692 - -9?
-b54d687
In base 10, what is 187041499 - 5?
187041494
In base 3, what is 20012 + 10020211202011?
10020211222100
In base 11, what is 331842 - -284?
332016
In base 7, what is 4 + 120631435?
120631442
In base 3, what is -21 + -212200011121100?
-212200011121121
In base 4, what is 223333302201 - 0?
223333302201
In base 13, what is 10 - -5379a8b?
5379a9b
In base 13, what is 9 - -35466?
35472
In base 11, what is -a + -2a119787?
-2a119796
In base 11, what is 5514833 + 0?
5514833
In base 13, what is -1b - 6b728?
-6b746
In base 5, what is 413001411 + -2413?
412443443
In base 3, what is -110201 + 101011200?
100200222
In base 14, what is -4d - -12b5520?
12b54b1
In base 9, what is -320 + 55576?
55256
In base 3, what is -12111200110 - 110200?
-12112011010
In base 6, what is -255 - 4520030?
-4520325
In base 5, what is -202221 - -1432?
-200234
In base 7, what is 4 + 244025220?
244025224
In base 7, what is 3034 + -16?
3015
In base 13, what is 1a78 + 1a15?
3790
In base 16, what is 6e77d8 - -4?
6e77dc
In base 8, what is -670 - -45177?
44307
In base 16, what is -27b0 + 2136?
-67a
In base 12, what is 669302 + -7?
6692b7
In base 2, what is 1100 - 10110110011100000100000?
-10110110011100000010100
In base 7, what is -21334410 - 10?
-21334420
In base 2, what is -11110111101110010010011110 - 1?
-11110111101110010010011111
In base 2, what is -10111001111100111010111 + -11?
-10111001111100111011010
In base 10, what is 10 + 710750?
710760
In base 9, what is 5 - 80240126?
-80240121
In base 5, what is 242 + -4010024?
-4004232
In base 4, what is -13231 - 10120300?
-10200131
In base 14, what is 2080a + -18?
207d2
In base 10, what is 22 - 3091707?
-3091685
In base 2, what is 10110001100100100111011110101 - -11?
10110001100100100111011111000
In base 3, what is 11212212001 - 1001001?
11211211000
In base 8, what is -6 - -557304?
557276
In base 7, what is 1 + -13253560?
-13253556
In base 5, what is 314231233334 - -1?
314231233340
In base 14, what is -2 - -172925?
172923
In base 4, what is 223330 + 23011?
313001
In base 11, what is -1565920 + -4?
-1565924
In base 14, what is 4 - ca34979?
-ca34975
In base 12, what is -5374 - 440?
-57b4
In base 15, what is 514039 - 6?
514033
In base 14, what is -cbb7 - 35a3?
-1237a
In base 12, what is -4ba5ab5 - -5?
-4ba5ab0
In base 7, what is 1 - -3664656346?
3664656350
In base 2, what is -100 - -11100000101011110000?
11100000101011101100
In base 6, what is -2 - -30134220?
30134214
In base 6, what is -344533024 + -21?
-344533045
In base 9, what is -36 - -123220?
123173
In base 12, what is -1464200 - 18?
-1464218
In base 5, what is -103440141 + 1?
-103440140
In base 10, what is -5450 + 31283?
25833
In base 11, what is -955a9 + 133?
-95476
In base 16, what is 34bd59d - 6?
34bd597
In base 13, what is -408508 - -4?
-408504
In base 6, what is -11432 + -10532514?
-10544350
In base 4, what is 102 - 11020002200?
-11020002032
In base 4, what is -310022112213 + -3?
-310022112222
In base 4, what is -203 - 12121313132?
-12121320001
In base 9, what is 110667 - 224?
110443
In base 2, what is -10110110111 + -100011001010?
-111010000001
In base 12, what is -44756451 - 2?
-44756453
In base 7, what is -52651031 + 6?
-52651022
In base 9, what is 1222 + 75100?
76322
In base 16, what is a6 + 2367?
240d
In base 4, what is -1 + -11302301030?
-11302301031
In base 2, what is -1 - 10010010011110011000010?
-10010010011110011000011
In base 13, what is -63c4 - 89b?
-6c92
In base 3, what is -1220201111120 - -1212?
-1220201102201
In base 5, what is 20234 - -443113?
1013402
In base 11, what is 6018376 + -3?
6018373
In base 13, what is -4c47 + -16849?
-1b793
In base 11, what is 0 - -2